{"id":10,"date":"2022-09-27T09:35:05","date_gmt":"2022-09-27T09:35:05","guid":{"rendered":"https:\/\/plexijaloste.fi\/avustajakoiranpalkitsemisautomaatti\/home\/"},"modified":"2024-01-17T20:46:32","modified_gmt":"2024-01-17T20:46:32","slug":"home","status":"publish","type":"page","link":"https:\/\/plexijaloste.fi\/avustajakoiranpalkitsemisautomaatti\/","title":{"rendered":"Avustajakoiran palkitsemisautomaatti"},"content":{"rendered":"\n<p class=\"has-text-align-right\"><a href=\"https:\/\/plexijaloste.fi\/avustajakoiranpalkitsemisautomaatti\/\" data-type=\"page\" data-id=\"10\">FI<\/a> | <a href=\"https:\/\/plexijaloste.fi\/avustajakoiranpalkitsemisautomaatti\/avustajakoiran-palkitsemisautomaatti-swe\/\" data-type=\"page\" data-id=\"235\">SWE<\/a> | <a href=\"https:\/\/plexijaloste.fi\/avustajakoiranpalkitsemisautomaatti\/avustajakoiran-palkitsemisautomaatti-en\/\" data-type=\"page\" data-id=\"232\">EN<\/a><\/p>\n\n\n\n<div class=\"wp-block-cover alignwide\"><span aria-hidden=\"true\" class=\"wp-block-cover__background has-accent-background-color has-background-dim-70 has-background-dim\"><\/span><img loading=\"lazy\" decoding=\"async\" width=\"908\" height=\"960\" class=\"wp-block-cover__image-background wp-image-27\" alt=\"\" src=\"https:\/\/plexijaloste.fi\/avustajakoiranpalkitsemisautomaatti\/wp-content\/uploads\/2022\/10\/KOIRANAMU_08.jpg\" data-object-fit=\"cover\" srcset=\"https:\/\/plexijaloste.fi\/avustajakoiranpalkitsemisautomaatti\/wp-content\/uploads\/2022\/10\/KOIRANAMU_08.jpg 908w, https:\/\/plexijaloste.fi\/avustajakoiranpalkitsemisautomaatti\/wp-content\/uploads\/2022\/10\/KOIRANAMU_08-284x300.jpg 284w, https:\/\/plexijaloste.fi\/avustajakoiranpalkitsemisautomaatti\/wp-content\/uploads\/2022\/10\/KOIRANAMU_08-768x812.jpg 768w\" sizes=\"auto, (max-width: 908px) 100vw, 908px\" \/><div class=\"wp-block-cover__inner-container is-layout-flow wp-block-cover-is-layout-flow\">\n<p><\/p>\n\n\n\n<p><\/p>\n\n\n\n<p class=\"has-text-align-center has-base-3-color has-text-color has-x-large-font-size\" style=\"font-style:normal;font-weight:900\"><strong>EasyTreat palkitsee avustajakoiran<\/strong><\/p>\n<\/div><\/div>\n\n\n\n<p><\/p>\n\n\n\n<h5 class=\"wp-block-heading\">Pieni palkkio ohjaa avustajakoiran toimintaa oikeaan suuntaan ja pit\u00e4\u00e4 koiran tyytyv\u00e4isen\u00e4. Palkkio kannustaa koiraa ja on selke\u00e4 merkki siit\u00e4, ett\u00e4 ty\u00f6 on tehty oikein.<\/h5>\n\n\n\n<p><\/p>\n\n\n\n<figure class=\"wp-block-image size-full\"><img loading=\"lazy\" decoding=\"async\" width=\"1004\" height=\"726\" src=\"https:\/\/plexijaloste.fi\/avustajakoiranpalkitsemisautomaatti\/wp-content\/uploads\/2022\/12\/dogi.jpg\" alt=\"\" class=\"wp-image-164\" srcset=\"https:\/\/plexijaloste.fi\/avustajakoiranpalkitsemisautomaatti\/wp-content\/uploads\/2022\/12\/dogi.jpg 1004w, https:\/\/plexijaloste.fi\/avustajakoiranpalkitsemisautomaatti\/wp-content\/uploads\/2022\/12\/dogi-300x217.jpg 300w, https:\/\/plexijaloste.fi\/avustajakoiranpalkitsemisautomaatti\/wp-content\/uploads\/2022\/12\/dogi-768x555.jpg 768w\" sizes=\"auto, (max-width: 1004px) 100vw, 1004px\" \/><figcaption class=\"wp-element-caption\">Palkitse avustajakoira oikealla hetkell\u00e4<\/figcaption><\/figure>\n\n\n\n<h3 class=\"wp-block-heading\">Hyv\u00e4 palkinto avustajakoiralle<\/h3>\n\n\n\n<p class=\"has-small-font-size\">Sopiva palkinto avustajakoiralle on motivoiva, muttei vie liikaa huomiota. Herkuilla palkitseminen on usein k\u00e4yt\u00e4nn\u00f6llisin tapa avustajakoiran palkitsemiseen. Silloin koiran pystyy palkitsemaan l\u00e4hiet\u00e4isyydell\u00e4 hallitusti ja koira on nopeasti j\u00e4lleen valmis jatkamaan t\u00f6it\u00e4.<\/p>\n\n\n\n<h3 class=\"wp-block-heading\">Palkitseminen voi olla vaikeaa<\/h3>\n\n\n\n<p>Fyysisten rajoitteiden vuoksi namipalkkion antaminen koiralle ei ole aina mahdollista tai riitt\u00e4v\u00e4n helppoa. Nameja voi olla vaikea antaa nopeasti ja ne saattavat p\u00e4\u00e4ty\u00e4 hankalaan paikkaan.<\/p>\n\n\n\n<h3 class=\"wp-block-heading\">Helppo tapa antaa palkinto<\/h3>\n\n\n\n<p>Erityisesti avustajakoirak\u00e4ytt\u00e4jille suunniteltu EasyTreat on hyv\u00e4 ratkaisu palkitsemisongelmaan. Py\u00f6r\u00e4tuoliin kiinnitett\u00e4v\u00e4ksi suunniteltu automaatti antaa yhden napin painalluksella koiralle palkkion helposti ja sujuvasti. Laite on erityisen hyv\u00e4 apu itsen\u00e4isesti py\u00f6r\u00e4tuolilla liikkuville avustajakoiran k\u00e4ytt\u00e4jille.<\/p>\n\n\n\n<h3 class=\"wp-block-heading\">Miten EasyTreat toimii?<\/h3>\n\n\n\n<p>Automaattiin sy\u00f6tet\u00e4\u00e4n valmiiksi herkkutanko ja palkitsemishetkell\u00e4 laite katkaisee tangosta sopivan kokoisen siivun, joka tipahtaa laitteen kaukaloon koiran ulottuville. Napin painalluksesta kest\u00e4\u00e4 noin 5 sekuntia palkinnon putoamiseen, joten palkitseminen on nopeaa ja helppo ajoittaa oikein.<\/p>\n\n\n\n<figure class=\"wp-block-image size-full\"><img loading=\"lazy\" decoding=\"async\" width=\"1003\" height=\"1019\" src=\"https:\/\/plexijaloste.fi\/avustajakoiranpalkitsemisautomaatti\/wp-content\/uploads\/2022\/12\/easytreat.jpg\" alt=\"\" class=\"wp-image-196\" srcset=\"https:\/\/plexijaloste.fi\/avustajakoiranpalkitsemisautomaatti\/wp-content\/uploads\/2022\/12\/easytreat.jpg 1003w, https:\/\/plexijaloste.fi\/avustajakoiranpalkitsemisautomaatti\/wp-content\/uploads\/2022\/12\/easytreat-295x300.jpg 295w, https:\/\/plexijaloste.fi\/avustajakoiranpalkitsemisautomaatti\/wp-content\/uploads\/2022\/12\/easytreat-768x780.jpg 768w\" sizes=\"auto, (max-width: 1003px) 100vw, 1003px\" \/><\/figure>\n\n\n\n<p><\/p>\n\n\n\n<h3 class=\"wp-block-heading has-medium-font-size\">EasyTreat kiinnitet\u00e4\u00e4n py\u00f6r\u00e4tuoliin<\/h3>\n\n\n\n<p class=\"has-small-font-size\">Easytreatin voi kiinnitt\u00e4\u00e4 sek\u00e4 s\u00e4hk\u00f6isiin ett\u00e4 manuaalisiin py\u00f6r\u00e4tuolimalleihin. Py\u00f6r\u00e4tuoliin asennetaan GripRose-kiinnike, johon EasyTreat-laite painetaan kiinni. Laite irrotetaan kiinnikkeest\u00e4 helposti vipua k\u00e4\u00e4nt\u00e4m\u00e4ll\u00e4. Kiinnikkeit\u00e4 voi olla valmiiksi useammassa py\u00f6r\u00e4tuolissa, tai eri puolilla tuolia.<\/p>\n\n\n\n<h3 class=\"wp-block-heading has-medium-font-size\">Palkinto yht\u00e4 nappia painamalla<\/h3>\n\n\n\n<p>Laitteeseen kuuluu suuri py\u00f6re\u00e4 langallinen painike, jota painamalla laite antaa koiralle palkkion. Painikkeen voi kiinnitt\u00e4\u00e4 hihnalla esim. k\u00e4sinojaan tai niskatukeen. Langaton painike on saatavilla lis\u00e4varusteena.<\/p>\n\n\n\n<div class=\"wp-block-media-text alignwide has-media-on-the-right is-stacked-on-mobile\" style=\"grid-template-columns:auto 30%\"><div class=\"wp-block-media-text__content\">\n<h3 class=\"wp-block-heading\">Palkinto<\/h3>\n\n\n\n<p>EasyTreatissa voi k\u00e4ytt\u00e4\u00e4 10-20 cm pitki\u00e4 ja 6-12 mm paksuja py\u00f6re\u00e4hk\u00f6j\u00e4 herkkutankoja, joita saa marketeista ja lemmikkikaupoista.<\/p>\n\n\n\n<h3 class=\"wp-block-heading\">Pakkauksessa mukana<\/h3>\n\n\n\n<p>\u2022 EasyTreat-laite<br>\u2022 2 GripRose-kiinnikett\u00e4<br>\u2022 Langallinen painike ja kiinnityshihna<br>\u2022 Latausjohto<\/p>\n\n\n\n<h3 class=\"wp-block-heading\">Tekniset tiedot:<\/h3>\n\n\n\n<p>\u2022 Mitat LxKxS= 125x285x90 mm<br>\u2022 Paino 1,2 kg<br>\u2022 Painonapin johdon pituus 1 m<br>\u2022 Palkintotangon paksuus: 6 \u2013 12 mm<br>\u2022 Palkintotangon pituus: 10 &#8211; 20 cm<br>\u2022 Akun kesto: 1 \u2013 2 viikkoa<br>k\u00e4yt\u00f6st\u00e4 riippuen<br>\u2022 Ulkokuoren materiaali:<br>POM\/iskunkest\u00e4v\u00e4 polystyreeni<\/p>\n\n\n\n<h5 class=\"wp-block-heading\"><a href=\"https:\/\/plexijaloste.fi\/avustajakoiranpalkitsemisautomaatti\/wp-content\/uploads\/2024\/01\/EasyTreat-ohje150124.pdf\">Lataa k\u00e4ytt\u00f6ohje t\u00e4\u00e4lt\u00e4.<\/a><\/h5>\n\n\n\n<p class=\"has-medium-font-size\"><a href=\"https:\/\/plexijaloste.fi\/avustajakoiranpalkitsemisautomaatti\/wp-content\/uploads\/2024\/01\/EasyTreat-esite170124.pdf\" data-type=\"attachment\" data-id=\"244\">Lataa esite t\u00e4\u00e4lt\u00e4.<\/a><\/p>\n\n\n\n<p><\/p>\n\n\n\n<p><\/p>\n<\/div><figure class=\"wp-block-media-text__media\"><img loading=\"lazy\" decoding=\"async\" width=\"427\" height=\"1051\" src=\"https:\/\/plexijaloste.fi\/avustajakoiranpalkitsemisautomaatti\/wp-content\/uploads\/2022\/12\/easytreat2-1.jpg\" alt=\"\" class=\"wp-image-217 size-full\" srcset=\"https:\/\/plexijaloste.fi\/avustajakoiranpalkitsemisautomaatti\/wp-content\/uploads\/2022\/12\/easytreat2-1.jpg 427w, https:\/\/plexijaloste.fi\/avustajakoiranpalkitsemisautomaatti\/wp-content\/uploads\/2022\/12\/easytreat2-1-122x300.jpg 122w, https:\/\/plexijaloste.fi\/avustajakoiranpalkitsemisautomaatti\/wp-content\/uploads\/2022\/12\/easytreat2-1-416x1024.jpg 416w\" sizes=\"auto, (max-width: 427px) 100vw, 427px\" \/><\/figure><\/div>\n\n\n\n<figure class=\"wp-block-embed is-type-video is-provider-youtube wp-block-embed-youtube wp-embed-aspect-16-9 wp-has-aspect-ratio\"><div class=\"wp-block-embed__wrapper\">\n<iframe loading=\"lazy\" title=\"EasyTreat Kiinnitys\" width=\"1200\" height=\"675\" src=\"https:\/\/www.youtube.com\/embed\/2Ziq9-eRPa8?feature=oembed\" frameborder=\"0\" allow=\"accelerometer; autoplay; clipboard-write; encrypted-media; gyroscope; picture-in-picture; web-share\" allowfullscreen><\/iframe>\n<\/div><\/figure>\n\n\n<div class=\"wp-block-image\">\n<figure class=\"aligncenter size-full is-resized\"><img loading=\"lazy\" decoding=\"async\" width=\"765\" height=\"180\" src=\"https:\/\/plexijaloste.fi\/avustajakoiranpalkitsemisautomaatti\/wp-content\/uploads\/2022\/12\/easytreatLOGO.jpg\" alt=\"\" class=\"wp-image-221\" style=\"width:383px;height:90px\" srcset=\"https:\/\/plexijaloste.fi\/avustajakoiranpalkitsemisautomaatti\/wp-content\/uploads\/2022\/12\/easytreatLOGO.jpg 765w, https:\/\/plexijaloste.fi\/avustajakoiranpalkitsemisautomaatti\/wp-content\/uploads\/2022\/12\/easytreatLOGO-300x71.jpg 300w\" sizes=\"auto, (max-width: 765px) 100vw, 765px\" \/><figcaption class=\"wp-element-caption\">Myynti: Oy Plexijaloste Ab, www.plexijaloste.fi\/easytreat, info@easytreat.fi, puh. 0500 440 828, Kylm\u00e4l\u00e4ntie 521 A 02540 Kylm\u00e4l\u00e4.<br>\u00a9 Oy Plexijaloste Ab, pid\u00e4t\u00e4mme oikeuden muutoksiin.<\/figcaption><\/figure>\n<\/div>","protected":false},"excerpt":{"rendered":"<p>FI | SWE | EN Pieni palkkio ohjaa avustajakoiran toimintaa oikeaan suuntaan ja pit\u00e4\u00e4 koiran tyytyv\u00e4isen\u00e4. Palkkio kannustaa koiraa ja on selke\u00e4 merkki siit\u00e4, ett\u00e4 ty\u00f6 on tehty oikein. Hyv\u00e4 palkinto avustajakoiralle Sopiva palkinto avustajakoiralle on motivoiva, muttei vie liikaa huomiota. Herkuilla palkitseminen on usein k\u00e4yt\u00e4nn\u00f6llisin tapa avustajakoiran palkitsemiseen. Silloin koiran pystyy palkitsemaan l\u00e4hiet\u00e4isyydell\u00e4 hallitusti &#8230; <a title=\"Avustajakoiran palkitsemisautomaatti\" class=\"read-more\" href=\"https:\/\/plexijaloste.fi\/avustajakoiranpalkitsemisautomaatti\/\" aria-label=\"Lis\u00e4\u00e4 Avustajakoiran palkitsemisautomaatti\">Lue lis\u00e4\u00e4<\/a><\/p>\n","protected":false},"author":1,"featured_media":0,"parent":0,"menu_order":0,"comment_status":"closed","ping_status":"closed","template":"","meta":{"footnotes":""},"class_list":["post-10","page","type-page","status-publish"],"_links":{"self":[{"href":"https:\/\/plexijaloste.fi\/avustajakoiranpalkitsemisautomaatti\/wp-json\/wp\/v2\/pages\/10","targetHints":{"allow":["GET"]}}],"collection":[{"href":"https:\/\/plexijaloste.fi\/avustajakoiranpalkitsemisautomaatti\/wp-json\/wp\/v2\/pages"}],"about":[{"href":"https:\/\/plexijaloste.fi\/avustajakoiranpalkitsemisautomaatti\/wp-json\/wp\/v2\/types\/page"}],"author":[{"embeddable":true,"href":"https:\/\/plexijaloste.fi\/avustajakoiranpalkitsemisautomaatti\/wp-json\/wp\/v2\/users\/1"}],"replies":[{"embeddable":true,"href":"https:\/\/plexijaloste.fi\/avustajakoiranpalkitsemisautomaatti\/wp-json\/wp\/v2\/comments?post=10"}],"version-history":[{"count":82,"href":"https:\/\/plexijaloste.fi\/avustajakoiranpalkitsemisautomaatti\/wp-json\/wp\/v2\/pages\/10\/revisions"}],"predecessor-version":[{"id":268,"href":"https:\/\/plexijaloste.fi\/avustajakoiranpalkitsemisautomaatti\/wp-json\/wp\/v2\/pages\/10\/revisions\/268"}],"wp:attachment":[{"href":"https:\/\/plexijaloste.fi\/avustajakoiranpalkitsemisautomaatti\/wp-json\/wp\/v2\/media?parent=10"}],"curies":[{"name":"wp","href":"https:\/\/api.w.org\/{rel}","templated":true}]}}